{"id":1532,"date":"2022-01-18T16:13:57","date_gmt":"2022-01-18T15:13:57","guid":{"rendered":"https:\/\/clients.webkrea.be\/kiwanis\/?post_type=tribe_events&#038;p=1532"},"modified":"2022-01-18T16:13:57","modified_gmt":"2022-01-18T15:13:57","slug":"2eme-balade-des-vieilles-kalandres-kc-braine-le-comte-soignies","status":"publish","type":"tribe_events","link":"https:\/\/webkrea.kiwanisbelux.site\/bruegel\/event\/2eme-balade-des-vieilles-kalandres-kc-braine-le-comte-soignies\/","title":{"rendered":"2eme Balade des Vieilles Kalandres &#8211; KC Braine-le-Comte &#8211; Soignies"},"content":{"rendered":"<p>Au vu de la situation pand\u00e9mique actuelle, nous nous devons d\u2019organiser des actions afin de nous permettre d\u2019apporter un peu de r\u00e9confort \u00e0 tous les enfants dans le besoin. Les randonn\u00e9es pour anc\u00eatres et v\u00e9hicules de prestige de toutes g\u00e9n\u00e9rations rencontrent un certain succ\u00e8s. Cela avait \u00e9t\u00e9 le cas avec notre premi\u00e8re Balade en 2019, mais les conditions sanitaires ne nous ont pas permis de continuer&#8230; Nous allons reprendre cette ann\u00e9e et dans cette optique, Le Kiwanis Club de Braine-le-Comte \/ Soignies est heureux de vous inviter \u00e0 participer \u00e0 sa deuxi\u00e8me \u00ab\u00a0Ballade des Vieilles Kalandres\u00a0\u00bb le dimanche 27 mars 2022. La balade est r\u00e9serv\u00e9e aux voitures de plus de 30 ans et aux voitures de prestige de toutes g\u00e9n\u00e9rations. Le d\u00e9part et l&rsquo;arriv\u00e9e se feront au H\u00f4me Saint-Alfred, Chauss\u00e9e de Bruxelles, 184 \u00e0 7061 Casteau (Soignies) et pas \u00e0 Braine-le-Comte ! Accueil des participants \u00e0 partir de 8h30 pour la r\u00e9ception des documents et le petit d\u00e9jeuner. Premiers d\u00e9parts vers 9h15 (pour les affranchis ) D\u00e9part group\u00e9 avec voiture guide vers 9h30 Arr\u00eat confort vers 11h15 Repas avec ap\u00e9ritif, plat et dessert \u00e0 partir de 13h30 (boissons non comprises). Pour garder \u00e0 la fois la convivialit\u00e9 et la bonne organisation du rallye, nous nous voyons oblig\u00e9s de limiter le nombre d\u2019inscriptions \u00e0 70 v\u00e9hicules en fonction de l\u2019ordre chronologique des paiements. (Ceci, aussi, en raison de l\u2019infrastructure de notre lieu d\u2019accueil). Tous les d\u00e9tails, toutes les informations et formulaire d\u2019inscription sur : https:\/\/kiweb.org\/rallye\/ Ce programme est susceptible de modifications en fonction des futures r\u00e8gles sanitaires qui pourraient \u00eatre \u00e9tablies prochainement. Merci pour votre compr\u00e9hension et l\u2019int\u00e9r\u00eat que vous r\u00e9serverez \u00e0 la pr\u00e9sente.<\/p>\n","protected":false},"excerpt":{"rendered":"<p>Au vu de la situation pand\u00e9mique actuelle, nous nous devons d\u2019organiser des actions afin de nous permettre d\u2019apporter un peu de r\u00e9confort \u00e0 tous les enfants dans le besoin. Les [&hellip;]<\/p>\n","protected":false},"author":1,"featured_media":0,"comment_status":"closed","ping_status":"closed","template":"","meta":{"_et_pb_use_builder":"","_et_pb_old_content":"","_et_gb_content_width":"","_tribe_events_status":"","_tribe_events_status_reason":""},"tags":[],"tribe_events_cat":[],"yoast_head":"<!-- This site is optimized with the Yoast SEO plugin v19.8 - https:\/\/yoast.com\/wordpress\/plugins\/seo\/ -->\n<title>2eme Balade des Vieilles Kalandres - KC Braine-le-Comte - Soignies - Kiwanis Dilbeek Bruegel<\/title>\n<meta name=\"robots\" content=\"noindex, follow, max-snippet:-1, max-image-preview:large, max-video-preview:-1\" \/>\n<meta property=\"og:locale\" content=\"fr_FR\" \/>\n<meta property=\"og:type\" content=\"article\" \/>\n<meta property=\"og:title\" content=\"2eme Balade des Vieilles Kalandres - KC Braine-le-Comte - Soignies - Kiwanis Dilbeek Bruegel\" \/>\n<meta property=\"og:description\" content=\"Au vu de la situation pand\u00e9mique actuelle, nous nous devons d\u2019organiser des actions afin de nous permettre d\u2019apporter un peu de r\u00e9confort \u00e0 tous les enfants dans le besoin. Les [&hellip;]\" \/>\n<meta property=\"og:url\" content=\"https:\/\/webkrea.kiwanisbelux.site\/bruegel\/event\/2eme-balade-des-vieilles-kalandres-kc-braine-le-comte-soignies\/\" \/>\n<meta property=\"og:site_name\" content=\"Kiwanis Dilbeek Bruegel\" \/>\n<meta name=\"twitter:card\" content=\"summary_large_image\" \/>\n<meta name=\"twitter:label1\" content=\"Dur\u00e9e de lecture estim\u00e9e\" \/>\n\t<meta name=\"twitter:data1\" content=\"1 minute\" \/>\n<script type=\"application\/ld+json\" class=\"yoast-schema-graph\">{\"@context\":\"https:\/\/schema.org\",\"@graph\":[{\"@type\":\"WebPage\",\"@id\":\"https:\/\/webkrea.kiwanisbelux.site\/bruegel\/event\/2eme-balade-des-vieilles-kalandres-kc-braine-le-comte-soignies\/\",\"url\":\"https:\/\/webkrea.kiwanisbelux.site\/bruegel\/event\/2eme-balade-des-vieilles-kalandres-kc-braine-le-comte-soignies\/\",\"name\":\"2eme Balade des Vieilles Kalandres - KC Braine-le-Comte - Soignies - Kiwanis Dilbeek Bruegel\",\"isPartOf\":{\"@id\":\"https:\/\/webkrea.kiwanisbelux.site\/bruegel\/#website\"},\"datePublished\":\"2022-01-18T15:13:57+00:00\",\"dateModified\":\"2022-01-18T15:13:57+00:00\",\"breadcrumb\":{\"@id\":\"https:\/\/webkrea.kiwanisbelux.site\/bruegel\/event\/2eme-balade-des-vieilles-kalandres-kc-braine-le-comte-soignies\/#breadcrumb\"},\"inLanguage\":\"fr-FR\",\"potentialAction\":[{\"@type\":\"ReadAction\",\"target\":[\"https:\/\/webkrea.kiwanisbelux.site\/bruegel\/event\/2eme-balade-des-vieilles-kalandres-kc-braine-le-comte-soignies\/\"]}]},{\"@type\":\"BreadcrumbList\",\"@id\":\"https:\/\/webkrea.kiwanisbelux.site\/bruegel\/event\/2eme-balade-des-vieilles-kalandres-kc-braine-le-comte-soignies\/#breadcrumb\",\"itemListElement\":[{\"@type\":\"ListItem\",\"position\":1,\"name\":\"Home\",\"item\":\"https:\/\/webkrea.kiwanisbelux.site\/bruegel\/\"},{\"@type\":\"ListItem\",\"position\":2,\"name\":\"\u00c9v\u00e8nements\",\"item\":\"https:\/\/webkrea.kiwanisbelux.site\/bruegel\/club-agenda\/\"},{\"@type\":\"ListItem\",\"position\":3,\"name\":\"2eme Balade des Vieilles Kalandres &#8211; KC Braine-le-Comte &#8211; Soignies\"}]},{\"@type\":\"WebSite\",\"@id\":\"https:\/\/webkrea.kiwanisbelux.site\/bruegel\/#website\",\"url\":\"https:\/\/webkrea.kiwanisbelux.site\/bruegel\/\",\"name\":\"Kiwanis Dilbeek Bruegel\",\"description\":\"\",\"publisher\":{\"@id\":\"https:\/\/webkrea.kiwanisbelux.site\/bruegel\/#organization\"},\"potentialAction\":[{\"@type\":\"SearchAction\",\"target\":{\"@type\":\"EntryPoint\",\"urlTemplate\":\"https:\/\/webkrea.kiwanisbelux.site\/bruegel\/?s={search_term_string}\"},\"query-input\":\"required name=search_term_string\"}],\"inLanguage\":\"fr-FR\"},{\"@type\":\"Organization\",\"@id\":\"https:\/\/webkrea.kiwanisbelux.site\/bruegel\/#organization\",\"name\":\"Kiwanis\",\"url\":\"https:\/\/webkrea.kiwanisbelux.site\/bruegel\/\",\"sameAs\":[],\"logo\":{\"@type\":\"ImageObject\",\"inLanguage\":\"fr-FR\",\"@id\":\"https:\/\/webkrea.kiwanisbelux.site\/bruegel\/#\/schema\/logo\/image\/\",\"url\":\"https:\/\/webkrea.kiwanisbelux.site\/bruegel\/wp-content\/uploads\/sites\/22\/2021\/04\/kiwanis-logo@2x.png\",\"contentUrl\":\"https:\/\/webkrea.kiwanisbelux.site\/bruegel\/wp-content\/uploads\/sites\/22\/2021\/04\/kiwanis-logo@2x.png\",\"width\":555,\"height\":100,\"caption\":\"Kiwanis\"},\"image\":{\"@id\":\"https:\/\/webkrea.kiwanisbelux.site\/bruegel\/#\/schema\/logo\/image\/\"}}]}<\/script>\n<!-- \/ Yoast SEO plugin. -->","yoast_head_json":{"title":"2eme Balade des Vieilles Kalandres - KC Braine-le-Comte - Soignies - Kiwanis Dilbeek Bruegel","robots":{"index":"noindex","follow":"follow","max-snippet":"max-snippet:-1","max-image-preview":"max-image-preview:large","max-video-preview":"max-video-preview:-1"},"og_locale":"fr_FR","og_type":"article","og_title":"2eme Balade des Vieilles Kalandres - KC Braine-le-Comte - Soignies - Kiwanis Dilbeek Bruegel","og_description":"Au vu de la situation pand\u00e9mique actuelle, nous nous devons d\u2019organiser des actions afin de nous permettre d\u2019apporter un peu de r\u00e9confort \u00e0 tous les enfants dans le besoin. Les [&hellip;]","og_url":"https:\/\/webkrea.kiwanisbelux.site\/bruegel\/event\/2eme-balade-des-vieilles-kalandres-kc-braine-le-comte-soignies\/","og_site_name":"Kiwanis Dilbeek Bruegel","twitter_card":"summary_large_image","twitter_misc":{"Dur\u00e9e de lecture estim\u00e9e":"1 minute"},"schema":{"@context":"https:\/\/schema.org","@graph":[{"@type":"WebPage","@id":"https:\/\/webkrea.kiwanisbelux.site\/bruegel\/event\/2eme-balade-des-vieilles-kalandres-kc-braine-le-comte-soignies\/","url":"https:\/\/webkrea.kiwanisbelux.site\/bruegel\/event\/2eme-balade-des-vieilles-kalandres-kc-braine-le-comte-soignies\/","name":"2eme Balade des Vieilles Kalandres - KC Braine-le-Comte - Soignies - Kiwanis Dilbeek Bruegel","isPartOf":{"@id":"https:\/\/webkrea.kiwanisbelux.site\/bruegel\/#website"},"datePublished":"2022-01-18T15:13:57+00:00","dateModified":"2022-01-18T15:13:57+00:00","breadcrumb":{"@id":"https:\/\/webkrea.kiwanisbelux.site\/bruegel\/event\/2eme-balade-des-vieilles-kalandres-kc-braine-le-comte-soignies\/#breadcrumb"},"inLanguage":"fr-FR","potentialAction":[{"@type":"ReadAction","target":["https:\/\/webkrea.kiwanisbelux.site\/bruegel\/event\/2eme-balade-des-vieilles-kalandres-kc-braine-le-comte-soignies\/"]}]},{"@type":"BreadcrumbList","@id":"https:\/\/webkrea.kiwanisbelux.site\/bruegel\/event\/2eme-balade-des-vieilles-kalandres-kc-braine-le-comte-soignies\/#breadcrumb","itemListElement":[{"@type":"ListItem","position":1,"name":"Home","item":"https:\/\/webkrea.kiwanisbelux.site\/bruegel\/"},{"@type":"ListItem","position":2,"name":"\u00c9v\u00e8nements","item":"https:\/\/webkrea.kiwanisbelux.site\/bruegel\/club-agenda\/"},{"@type":"ListItem","position":3,"name":"2eme Balade des Vieilles Kalandres &#8211; KC Braine-le-Comte &#8211; Soignies"}]},{"@type":"WebSite","@id":"https:\/\/webkrea.kiwanisbelux.site\/bruegel\/#website","url":"https:\/\/webkrea.kiwanisbelux.site\/bruegel\/","name":"Kiwanis Dilbeek Bruegel","description":"","publisher":{"@id":"https:\/\/webkrea.kiwanisbelux.site\/bruegel\/#organization"},"potentialAction":[{"@type":"SearchAction","target":{"@type":"EntryPoint","urlTemplate":"https:\/\/webkrea.kiwanisbelux.site\/bruegel\/?s={search_term_string}"},"query-input":"required name=search_term_string"}],"inLanguage":"fr-FR"},{"@type":"Organization","@id":"https:\/\/webkrea.kiwanisbelux.site\/bruegel\/#organization","name":"Kiwanis","url":"https:\/\/webkrea.kiwanisbelux.site\/bruegel\/","sameAs":[],"logo":{"@type":"ImageObject","inLanguage":"fr-FR","@id":"https:\/\/webkrea.kiwanisbelux.site\/bruegel\/#\/schema\/logo\/image\/","url":"https:\/\/webkrea.kiwanisbelux.site\/bruegel\/wp-content\/uploads\/sites\/22\/2021\/04\/kiwanis-logo@2x.png","contentUrl":"https:\/\/webkrea.kiwanisbelux.site\/bruegel\/wp-content\/uploads\/sites\/22\/2021\/04\/kiwanis-logo@2x.png","width":555,"height":100,"caption":"Kiwanis"},"image":{"@id":"https:\/\/webkrea.kiwanisbelux.site\/bruegel\/#\/schema\/logo\/image\/"}}]}},"_links":{"self":[{"href":"https:\/\/webkrea.kiwanisbelux.site\/bruegel\/wp-json\/wp\/v2\/tribe_events\/1532"}],"collection":[{"href":"https:\/\/webkrea.kiwanisbelux.site\/bruegel\/wp-json\/wp\/v2\/tribe_events"}],"about":[{"href":"https:\/\/webkrea.kiwanisbelux.site\/bruegel\/wp-json\/wp\/v2\/types\/tribe_events"}],"author":[{"embeddable":true,"href":"https:\/\/webkrea.kiwanisbelux.site\/bruegel\/wp-json\/wp\/v2\/users\/1"}],"replies":[{"embeddable":true,"href":"https:\/\/webkrea.kiwanisbelux.site\/bruegel\/wp-json\/wp\/v2\/comments?post=1532"}],"version-history":[{"count":1,"href":"https:\/\/webkrea.kiwanisbelux.site\/bruegel\/wp-json\/wp\/v2\/tribe_events\/1532\/revisions"}],"predecessor-version":[{"id":1533,"href":"https:\/\/webkrea.kiwanisbelux.site\/bruegel\/wp-json\/wp\/v2\/tribe_events\/1532\/revisions\/1533"}],"wp:attachment":[{"href":"https:\/\/webkrea.kiwanisbelux.site\/bruegel\/wp-json\/wp\/v2\/media?parent=1532"}],"wp:term":[{"taxonomy":"post_tag","embeddable":true,"href":"https:\/\/webkrea.kiwanisbelux.site\/bruegel\/wp-json\/wp\/v2\/tags?post=1532"},{"taxonomy":"tribe_events_cat","embeddable":true,"href":"https:\/\/webkrea.kiwanisbelux.site\/bruegel\/wp-json\/wp\/v2\/tribe_events_cat?post=1532"}],"curies":[{"name":"wp","href":"https:\/\/api.w.org\/{rel}","templated":true}]}}

<p>Au vu de la situation pandémique actuelle, nous nous devons d’organiser des actions afin de nous permettre d’apporter un peu de réconfort à tous les enfants dans le besoin. Les randonnées pour ancêtres et véhicules de prestige de toutes générations rencontrent un certain succès. Cela avait été le cas avec notre première Balade en 2019, mais les conditions sanitaires ne nous ont pas permis de continuer&#8230; Nous allons reprendre cette année et dans cette optique, Le Kiwanis Club de Braine-le-Comte / Soignies est heureux de vous inviter à participer à sa deuxième « Ballade des Vieilles Kalandres » le dimanche 27 mars 2022. La balade est réservée aux voitures de plus de 30 ans et aux voitures de prestige de toutes générations. Le départ et l&rsquo;arrivée se feront au Hôme Saint-Alfred, Chaussée de Bruxelles, 184 à 7061 Casteau (Soignies) et pas à Braine-le-Comte ! Accueil des participants à partir de 8h30 pour la réception des documents et le petit déjeuner. Premiers départs vers 9h15 (pour les affranchis ) Départ groupé avec voiture guide vers 9h30 Arrêt confort vers 11h15 Repas avec apéritif, plat et dessert à partir de 13h30 (boissons non comprises). Pour garder à la fois la convivialité et la bonne organisation du rallye, nous nous voyons obligés de limiter le nombre d’inscriptions à 70 véhicules en fonction de l’ordre chronologique des paiements. (Ceci, aussi, en raison de l’infrastructure de notre lieu d’accueil). Tous les détails, toutes les informations et formulaire d’inscription sur : https://kiweb.org/rallye/ Ce programme est susceptible de modifications en fonction des futures règles sanitaires qui pourraient être établies prochainement. Merci pour votre compréhension et l’intérêt que vous réserverez à la présente.</p>

<p>Au vu de la situation pandémique actuelle, nous nous devons d’organiser des actions afin de nous permettre d’apporter un peu de réconfort à tous les enfants dans le besoin. Les [&hellip;]</p>

<!-- This site is optimized with the Yoast SEO plugin v19.8 - https://yoast.com/wordpress/plugins/seo/ -->
<title>2eme Balade des Vieilles Kalandres - KC Braine-le-Comte - Soignies - Kiwanis Dilbeek Bruegel</title>
<meta name="robots" content="noindex, follow, max-snippet:-1, max-image-preview:large, max-video-preview:-1" />
<meta property="og:locale" content="fr_FR" />
<meta property="og:type" content="article" />
<meta property="og:title" content="2eme Balade des Vieilles Kalandres - KC Braine-le-Comte - Soignies - Kiwanis Dilbeek Bruegel" />
<meta property="og:description" content="Au vu de la situation pandémique actuelle, nous nous devons d’organiser des actions afin de nous permettre d’apporter un peu de réconfort à tous les enfants dans le besoin. Les [&hellip;]" />
<meta property="og:url" content="https://webkrea.kiwanisbelux.site/bruegel/event/2eme-balade-des-vieilles-kalandres-kc-braine-le-comte-soignies/" />
<meta property="og:site_name" content="Kiwanis Dilbeek Bruegel" />
<meta name="twitter:card" content="summary_large_image" />
<meta name="twitter:label1" content="Durée de lecture estimée" />
	<meta name="twitter:data1" content="1 minute" />
<script type="application/ld+json" class="yoast-schema-graph">{"@context":"https://schema.org","@graph":[{"@type":"WebPage","@id":"https://webkrea.kiwanisbelux.site/bruegel/event/2eme-balade-des-vieilles-kalandres-kc-braine-le-comte-soignies/","url":"https://webkrea.kiwanisbelux.site/bruegel/event/2eme-balade-des-vieilles-kalandres-kc-braine-le-comte-soignies/","name":"2eme Balade des Vieilles Kalandres - KC Braine-le-Comte - Soignies - Kiwanis Dilbeek Bruegel","isPartOf":{"@id":"https://webkrea.kiwanisbelux.site/bruegel/#website"},"datePublished":"2022-01-18T15:13:57+00:00","dateModified":"2022-01-18T15:13:57+00:00","breadcrumb":{"@id":"https://webkrea.kiwanisbelux.site/bruegel/event/2eme-balade-des-vieilles-kalandres-kc-braine-le-comte-soignies/#breadcrumb"},"inLanguage":"fr-FR","potentialAction":[{"@type":"ReadAction","target":["https://webkrea.kiwanisbelux.site/bruegel/event/2eme-balade-des-vieilles-kalandres-kc-braine-le-comte-soignies/"]}]},{"@type":"BreadcrumbList","@id":"https://webkrea.kiwanisbelux.site/bruegel/event/2eme-balade-des-vieilles-kalandres-kc-braine-le-comte-soignies/#breadcrumb","itemListElement":[{"@type":"ListItem","position":1,"name":"Home","item":"https://webkrea.kiwanisbelux.site/bruegel/"},{"@type":"ListItem","position":2,"name":"Évènements","item":"https://webkrea.kiwanisbelux.site/bruegel/club-agenda/"},{"@type":"ListItem","position":3,"name":"2eme Balade des Vieilles Kalandres &#8211; KC Braine-le-Comte &#8211; Soignies"}]},{"@type":"WebSite","@id":"https://webkrea.kiwanisbelux.site/bruegel/#website","url":"https://webkrea.kiwanisbelux.site/bruegel/","name":"Kiwanis Dilbeek Bruegel","description":"","publisher":{"@id":"https://webkrea.kiwanisbelux.site/bruegel/#organization"},"potentialAction":[{"@type":"SearchAction","target":{"@type":"EntryPoint","urlTemplate":"https://webkrea.kiwanisbelux.site/bruegel/?s={search_term_string}"},"query-input":"required name=search_term_string"}],"inLanguage":"fr-FR"},{"@type":"Organization","@id":"https://webkrea.kiwanisbelux.site/bruegel/#organization","name":"Kiwanis","url":"https://webkrea.kiwanisbelux.site/bruegel/","sameAs":[],"logo":{"@type":"ImageObject","inLanguage":"fr-FR","@id":"https://webkrea.kiwanisbelux.site/bruegel/#/schema/logo/image/","url":"https://webkrea.kiwanisbelux.site/bruegel/wp-content/uploads/sites/22/2021/04/kiwanis-logo@2x.png","contentUrl":"https://webkrea.kiwanisbelux.site/bruegel/wp-content/uploads/sites/22/2021/04/kiwanis-logo@2x.png","width":555,"height":100,"caption":"Kiwanis"},"image":{"@id":"https://webkrea.kiwanisbelux.site/bruegel/#/schema/logo/image/"}}]}</script>
<!-- / Yoast SEO plugin. -->

Au vu de la situation pandémique actuelle, nous nous devons d’organiser des actions afin de nous permettre d’apporter un peu de réconfort à tous les enfants dans le besoin. Les [&hellip;]

Évènements
