{"id":1930,"date":"2022-07-28T14:14:23","date_gmt":"2022-07-28T12:14:23","guid":{"rendered":"https:\/\/webkrea.kiwanisbelux.site\/bruegel\/?page_id=1930"},"modified":"2022-08-21T10:53:52","modified_gmt":"2022-08-21T08:53:52","slug":"noel-kiwanis-dans-la-cite","status":"publish","type":"page","link":"https:\/\/webkrea.kiwanisbelux.site\/bruegel\/nos-actions\/noel-kiwanis-dans-la-cite\/","title":{"rendered":"No\u00ebl Kiwanis Dans La Cit\u00e9"},"content":{"rendered":"\n[et_pb_section fb_built=\u00a0\u00bb1&Prime; _builder_version=\u00a0\u00bb4.16&Prime; global_colors_info=\u00a0\u00bb{}\u00a0\u00bb][et_pb_row _builder_version=\u00a0\u00bb4.17.6&Prime; background_size=\u00a0\u00bbinitial\u00a0\u00bb background_position=\u00a0\u00bbtop_left\u00a0\u00bb background_repeat=\u00a0\u00bbrepeat\u00a0\u00bb hover_enabled=\u00a0\u00bb0&Prime; global_colors_info=\u00a0\u00bb{}\u00a0\u00bb column_structure=\u00a0\u00bb3_4,1_4&Prime; sticky_enabled=\u00a0\u00bb0&Prime;][et_pb_column type=\u00a0\u00bb3_4&Prime; _builder_version=\u00a0\u00bb4.16&Prime; custom_padding=\u00a0\u00bb|||\u00a0\u00bb global_colors_info=\u00a0\u00bb{}\u00a0\u00bb custom_padding__hover=\u00a0\u00bb|||\u00a0\u00bb][et_pb_text _builder_version=\u00a0\u00bb4.16&Prime; background_size=\u00a0\u00bbinitial\u00a0\u00bb background_position=\u00a0\u00bbtop_left\u00a0\u00bb background_repeat=\u00a0\u00bbrepeat\u00a0\u00bb global_colors_info=\u00a0\u00bb{}\u00a0\u00bb width=\u00a0\u00bb100%\u00a0\u00bb]<!-- divi:paragraph {\"align\":\"left\"} -->\n<p class=\"has-text-align-left\">En 1981, le premier \u00ab <strong>No\u00ebl dans la Cit\u00e9<\/strong> \u00bb au profit des d\u00e9sh\u00e9rit\u00e9s naquit modestement Place Dumon \u00e0 Woluwe-Saint-Pierre. Depuis, gr\u00e2ce \u00e0 des centaines de Kiwaniens et de Kiwaniennes assist\u00e9s de b\u00e9n\u00e9voles ext\u00e9rieurs ces \u00ab No\u00ebl Kiwanis dans la Cit\u00e9 \u00bb allaient \u00ab allumer des \u00e9toiles \u00bb dans les yeux d&rsquo;enfants de nombreuses villes du pays.<br><br>Cette action sociale a pour objectif d&rsquo;inviter chaque citoyen \u00e0 d\u00e9poser dans des maisonnettes ou \u00e0 des points de d\u00e9p\u00f4ts anim\u00e9s par le Kiwanis des jouets, vivres, v\u00eatements et tous objets utiles aux enfants en situation de d\u00e9tresse. Les ann\u00e9es \u00e9coul\u00e9es ont vu se d\u00e9velopper ces op\u00e9rations aux quatre coins du pays, non seulement dans les grandes agglom\u00e9rations comme Bruxelles, Anvers, Namur et Charleroi mais \u00e9galement dans de nombreuses communes du pays \u00e0 l&rsquo;instigation des clubs kiwaniens locaux.<br><br>Au fils des ann\u00e9es, ces actions de collectes et de redistribution ont pris progressivement de l&rsquo;ampleur au point que les autorit\u00e9s communales locales ont tenu \u00e0 y apporter leur concours. Le volume des dons devenant tr\u00e8s important dans les grandes villes, il fut rapidement n\u00e9cessaire de trouver des partenaires capables d&rsquo;assurer la logistique : dans les ann\u00e9es 1990, De Lijn, le TEC et la STIB sont ainsi devenus des partenaires privil\u00e9gi\u00e9s du Kiwanis mettant \u00e0 disposition leurs trams et leurs bus afin d&rsquo;assurer la liaison entre les diff\u00e9rents points de d\u00e9p\u00f4ts dans les villes.<\/p>\n<!-- \/divi:paragraph -->[\/et_pb_text][\/et_pb_column][et_pb_column _builder_version=\u00a0\u00bb4.17.6&Prime; _module_preset=\u00a0\u00bbdefault\u00a0\u00bb type=\u00a0\u00bb1_4&Prime;][et_pb_image src=\u00a0\u00bbhttps:\/\/webkrea.kiwanisbelux.site\/bruegel\/wp-content\/uploads\/sites\/22\/2022\/07\/Flyer-2017nkc-v.jpg\u00a0\u00bb _builder_version=\u00a0\u00bb4.17.6&Prime; _module_preset=\u00a0\u00bbdefault\u00a0\u00bb title_text=\u00a0\u00bbPhoto pleine page\u00a0\u00bb hover_enabled=\u00a0\u00bb0&Prime; sticky_enabled=\u00a0\u00bb0&Prime;][\/et_pb_image][\/et_pb_column][\/et_pb_row][\/et_pb_section]\n","protected":false},"excerpt":{"rendered":"<p>En 1981, le premier \u00ab No\u00ebl dans la Cit\u00e9 \u00bb au profit des d\u00e9sh\u00e9rit\u00e9s naquit modestement Place Dumon \u00e0 Woluwe-Saint-Pierre. Depuis, gr\u00e2ce \u00e0 des centaines de Kiwaniens et de Kiwaniennes [&hellip;]<\/p>\n","protected":false},"author":2,"featured_media":0,"parent":1923,"menu_order":1,"comment_status":"closed","ping_status":"closed","template":"","meta":{"_et_pb_use_builder":"on","_et_pb_old_content":"<!-- wp:paragraph {\"align\":\"left\"} -->\n<p class=\"has-text-align-left\">En 1981, le premier \u00ab <strong>No\u00ebl dans la Cit\u00e9<\/strong> \u00bb au profit des d\u00e9sh\u00e9rit\u00e9s naquit modestement Place Dumon \u00e0 Woluwe-Saint-Pierre. Depuis, gr\u00e2ce \u00e0 des centaines de Kiwaniens et de Kiwaniennes assist\u00e9s de b\u00e9n\u00e9voles ext\u00e9rieurs ces \u00ab No\u00ebl Kiwanis dans la Cit\u00e9 \u00bb allaient \u00ab allumer des \u00e9toiles \u00bb dans les yeux d'enfants de nombreuses villes du pays.<br><br>Cette action sociale a pour objectif d'inviter chaque citoyen \u00e0 d\u00e9poser dans des maisonnettes ou \u00e0 des points de d\u00e9p\u00f4ts anim\u00e9s par le Kiwanis des jouets, vivres, v\u00eatements et tous objets utiles aux enfants en situation de d\u00e9tresse. Les ann\u00e9es \u00e9coul\u00e9es ont vu se d\u00e9velopper ces op\u00e9rations aux quatre coins du pays, non seulement dans les grandes agglom\u00e9rations comme Bruxelles, Anvers, Namur et Charleroi mais \u00e9galement dans de nombreuses communes du pays \u00e0 l'instigation des clubs kiwaniens locaux.<br><br>Au fils des ann\u00e9es, ces actions de collectes et de redistribution ont pris progressivement de l'ampleur au point que les autorit\u00e9s communales locales ont tenu \u00e0 y apporter leur concours. Le volume des dons devenant tr\u00e8s important dans les grandes villes, il fut rapidement n\u00e9cessaire de trouver des partenaires capables d'assurer la logistique : dans les ann\u00e9es 1990, De Lijn, le TEC et la STIB sont ainsi devenus des partenaires privil\u00e9gi\u00e9s du Kiwanis mettant \u00e0 disposition leurs trams et leurs bus afin d'assurer la liaison entre les diff\u00e9rents points de d\u00e9p\u00f4ts dans les villes.<\/p>\n<!-- \/wp:paragraph -->","_et_gb_content_width":""},"yoast_head":"<!-- This site is optimized with the Yoast SEO plugin v19.8 - https:\/\/yoast.com\/wordpress\/plugins\/seo\/ -->\n<title>No\u00ebl Kiwanis Dans La Cit\u00e9 - Kiwanis Dilbeek Bruegel<\/title>\n<meta name=\"robots\" content=\"noindex, follow, max-snippet:-1, max-image-preview:large, max-video-preview:-1\" \/>\n<meta property=\"og:locale\" content=\"fr_FR\" \/>\n<meta property=\"og:type\" content=\"article\" \/>\n<meta property=\"og:title\" content=\"No\u00ebl Kiwanis Dans La Cit\u00e9 - Kiwanis Dilbeek Bruegel\" \/>\n<meta property=\"og:description\" content=\"En 1981, le premier \u00ab No\u00ebl dans la Cit\u00e9 \u00bb au profit des d\u00e9sh\u00e9rit\u00e9s naquit modestement Place Dumon \u00e0 Woluwe-Saint-Pierre. Depuis, gr\u00e2ce \u00e0 des centaines de Kiwaniens et de Kiwaniennes [&hellip;]\" \/>\n<meta property=\"og:url\" content=\"https:\/\/webkrea.kiwanisbelux.site\/bruegel\/nos-actions\/noel-kiwanis-dans-la-cite\/\" \/>\n<meta property=\"og:site_name\" content=\"Kiwanis Dilbeek Bruegel\" \/>\n<meta property=\"article:modified_time\" content=\"2022-08-21T08:53:52+00:00\" \/>\n<meta name=\"twitter:card\" content=\"summary_large_image\" \/>\n<meta name=\"twitter:label1\" content=\"Dur\u00e9e de lecture estim\u00e9e\" \/>\n\t<meta name=\"twitter:data1\" content=\"2 minutes\" \/>\n<script type=\"application\/ld+json\" class=\"yoast-schema-graph\">{\"@context\":\"https:\/\/schema.org\",\"@graph\":[{\"@type\":\"WebPage\",\"@id\":\"https:\/\/webkrea.kiwanisbelux.site\/bruegel\/nos-actions\/noel-kiwanis-dans-la-cite\/\",\"url\":\"https:\/\/webkrea.kiwanisbelux.site\/bruegel\/nos-actions\/noel-kiwanis-dans-la-cite\/\",\"name\":\"No\u00ebl Kiwanis Dans La Cit\u00e9 - Kiwanis Dilbeek Bruegel\",\"isPartOf\":{\"@id\":\"https:\/\/webkrea.kiwanisbelux.site\/bruegel\/#website\"},\"datePublished\":\"2022-07-28T12:14:23+00:00\",\"dateModified\":\"2022-08-21T08:53:52+00:00\",\"breadcrumb\":{\"@id\":\"https:\/\/webkrea.kiwanisbelux.site\/bruegel\/nos-actions\/noel-kiwanis-dans-la-cite\/#breadcrumb\"},\"inLanguage\":\"fr-FR\",\"potentialAction\":[{\"@type\":\"ReadAction\",\"target\":[\"https:\/\/webkrea.kiwanisbelux.site\/bruegel\/nos-actions\/noel-kiwanis-dans-la-cite\/\"]}]},{\"@type\":\"BreadcrumbList\",\"@id\":\"https:\/\/webkrea.kiwanisbelux.site\/bruegel\/nos-actions\/noel-kiwanis-dans-la-cite\/#breadcrumb\",\"itemListElement\":[{\"@type\":\"ListItem\",\"position\":1,\"name\":\"Home\",\"item\":\"https:\/\/webkrea.kiwanisbelux.site\/bruegel\/\"},{\"@type\":\"ListItem\",\"position\":2,\"name\":\"Nos actions\",\"item\":\"https:\/\/webkrea.kiwanisbelux.site\/bruegel\/nos-actions\/\"},{\"@type\":\"ListItem\",\"position\":3,\"name\":\"No\u00ebl Kiwanis Dans La Cit\u00e9\"}]},{\"@type\":\"WebSite\",\"@id\":\"https:\/\/webkrea.kiwanisbelux.site\/bruegel\/#website\",\"url\":\"https:\/\/webkrea.kiwanisbelux.site\/bruegel\/\",\"name\":\"Kiwanis Dilbeek Bruegel\",\"description\":\"\",\"publisher\":{\"@id\":\"https:\/\/webkrea.kiwanisbelux.site\/bruegel\/#organization\"},\"potentialAction\":[{\"@type\":\"SearchAction\",\"target\":{\"@type\":\"EntryPoint\",\"urlTemplate\":\"https:\/\/webkrea.kiwanisbelux.site\/bruegel\/?s={search_term_string}\"},\"query-input\":\"required name=search_term_string\"}],\"inLanguage\":\"fr-FR\"},{\"@type\":\"Organization\",\"@id\":\"https:\/\/webkrea.kiwanisbelux.site\/bruegel\/#organization\",\"name\":\"Kiwanis\",\"url\":\"https:\/\/webkrea.kiwanisbelux.site\/bruegel\/\",\"sameAs\":[],\"logo\":{\"@type\":\"ImageObject\",\"inLanguage\":\"fr-FR\",\"@id\":\"https:\/\/webkrea.kiwanisbelux.site\/bruegel\/#\/schema\/logo\/image\/\",\"url\":\"https:\/\/webkrea.kiwanisbelux.site\/bruegel\/wp-content\/uploads\/sites\/22\/2021\/04\/kiwanis-logo@2x.png\",\"contentUrl\":\"https:\/\/webkrea.kiwanisbelux.site\/bruegel\/wp-content\/uploads\/sites\/22\/2021\/04\/kiwanis-logo@2x.png\",\"width\":555,\"height\":100,\"caption\":\"Kiwanis\"},\"image\":{\"@id\":\"https:\/\/webkrea.kiwanisbelux.site\/bruegel\/#\/schema\/logo\/image\/\"}}]}<\/script>\n<!-- \/ Yoast SEO plugin. -->","yoast_head_json":{"title":"No\u00ebl Kiwanis Dans La Cit\u00e9 - Kiwanis Dilbeek Bruegel","robots":{"index":"noindex","follow":"follow","max-snippet":"max-snippet:-1","max-image-preview":"max-image-preview:large","max-video-preview":"max-video-preview:-1"},"og_locale":"fr_FR","og_type":"article","og_title":"No\u00ebl Kiwanis Dans La Cit\u00e9 - Kiwanis Dilbeek Bruegel","og_description":"En 1981, le premier \u00ab No\u00ebl dans la Cit\u00e9 \u00bb au profit des d\u00e9sh\u00e9rit\u00e9s naquit modestement Place Dumon \u00e0 Woluwe-Saint-Pierre. Depuis, gr\u00e2ce \u00e0 des centaines de Kiwaniens et de Kiwaniennes [&hellip;]","og_url":"https:\/\/webkrea.kiwanisbelux.site\/bruegel\/nos-actions\/noel-kiwanis-dans-la-cite\/","og_site_name":"Kiwanis Dilbeek Bruegel","article_modified_time":"2022-08-21T08:53:52+00:00","twitter_card":"summary_large_image","twitter_misc":{"Dur\u00e9e de lecture estim\u00e9e":"2 minutes"},"schema":{"@context":"https:\/\/schema.org","@graph":[{"@type":"WebPage","@id":"https:\/\/webkrea.kiwanisbelux.site\/bruegel\/nos-actions\/noel-kiwanis-dans-la-cite\/","url":"https:\/\/webkrea.kiwanisbelux.site\/bruegel\/nos-actions\/noel-kiwanis-dans-la-cite\/","name":"No\u00ebl Kiwanis Dans La Cit\u00e9 - Kiwanis Dilbeek Bruegel","isPartOf":{"@id":"https:\/\/webkrea.kiwanisbelux.site\/bruegel\/#website"},"datePublished":"2022-07-28T12:14:23+00:00","dateModified":"2022-08-21T08:53:52+00:00","breadcrumb":{"@id":"https:\/\/webkrea.kiwanisbelux.site\/bruegel\/nos-actions\/noel-kiwanis-dans-la-cite\/#breadcrumb"},"inLanguage":"fr-FR","potentialAction":[{"@type":"ReadAction","target":["https:\/\/webkrea.kiwanisbelux.site\/bruegel\/nos-actions\/noel-kiwanis-dans-la-cite\/"]}]},{"@type":"BreadcrumbList","@id":"https:\/\/webkrea.kiwanisbelux.site\/bruegel\/nos-actions\/noel-kiwanis-dans-la-cite\/#breadcrumb","itemListElement":[{"@type":"ListItem","position":1,"name":"Home","item":"https:\/\/webkrea.kiwanisbelux.site\/bruegel\/"},{"@type":"ListItem","position":2,"name":"Nos actions","item":"https:\/\/webkrea.kiwanisbelux.site\/bruegel\/nos-actions\/"},{"@type":"ListItem","position":3,"name":"No\u00ebl Kiwanis Dans La Cit\u00e9"}]},{"@type":"WebSite","@id":"https:\/\/webkrea.kiwanisbelux.site\/bruegel\/#website","url":"https:\/\/webkrea.kiwanisbelux.site\/bruegel\/","name":"Kiwanis Dilbeek Bruegel","description":"","publisher":{"@id":"https:\/\/webkrea.kiwanisbelux.site\/bruegel\/#organization"},"potentialAction":[{"@type":"SearchAction","target":{"@type":"EntryPoint","urlTemplate":"https:\/\/webkrea.kiwanisbelux.site\/bruegel\/?s={search_term_string}"},"query-input":"required name=search_term_string"}],"inLanguage":"fr-FR"},{"@type":"Organization","@id":"https:\/\/webkrea.kiwanisbelux.site\/bruegel\/#organization","name":"Kiwanis","url":"https:\/\/webkrea.kiwanisbelux.site\/bruegel\/","sameAs":[],"logo":{"@type":"ImageObject","inLanguage":"fr-FR","@id":"https:\/\/webkrea.kiwanisbelux.site\/bruegel\/#\/schema\/logo\/image\/","url":"https:\/\/webkrea.kiwanisbelux.site\/bruegel\/wp-content\/uploads\/sites\/22\/2021\/04\/kiwanis-logo@2x.png","contentUrl":"https:\/\/webkrea.kiwanisbelux.site\/bruegel\/wp-content\/uploads\/sites\/22\/2021\/04\/kiwanis-logo@2x.png","width":555,"height":100,"caption":"Kiwanis"},"image":{"@id":"https:\/\/webkrea.kiwanisbelux.site\/bruegel\/#\/schema\/logo\/image\/"}}]}},"_links":{"self":[{"href":"https:\/\/webkrea.kiwanisbelux.site\/bruegel\/wp-json\/wp\/v2\/pages\/1930"}],"collection":[{"href":"https:\/\/webkrea.kiwanisbelux.site\/bruegel\/wp-json\/wp\/v2\/pages"}],"about":[{"href":"https:\/\/webkrea.kiwanisbelux.site\/bruegel\/wp-json\/wp\/v2\/types\/page"}],"author":[{"embeddable":true,"href":"https:\/\/webkrea.kiwanisbelux.site\/bruegel\/wp-json\/wp\/v2\/users\/2"}],"replies":[{"embeddable":true,"href":"https:\/\/webkrea.kiwanisbelux.site\/bruegel\/wp-json\/wp\/v2\/comments?post=1930"}],"version-history":[{"count":4,"href":"https:\/\/webkrea.kiwanisbelux.site\/bruegel\/wp-json\/wp\/v2\/pages\/1930\/revisions"}],"predecessor-version":[{"id":2279,"href":"https:\/\/webkrea.kiwanisbelux.site\/bruegel\/wp-json\/wp\/v2\/pages\/1930\/revisions\/2279"}],"up":[{"embeddable":true,"href":"https:\/\/webkrea.kiwanisbelux.site\/bruegel\/wp-json\/wp\/v2\/pages\/1923"}],"wp:attachment":[{"href":"https:\/\/webkrea.kiwanisbelux.site\/bruegel\/wp-json\/wp\/v2\/media?parent=1930"}],"curies":[{"name":"wp","href":"https:\/\/api.w.org\/{rel}","templated":true}]}}