{"id":1923,"date":"2022-07-28T14:10:51","date_gmt":"2022-07-28T12:10:51","guid":{"rendered":"https:\/\/webkrea.kiwanisbelux.site\/bruegel\/?page_id=1923"},"modified":"2022-08-21T11:08:55","modified_gmt":"2022-08-21T09:08:55","slug":"nos-actions","status":"publish","type":"page","link":"https:\/\/webkrea.kiwanisbelux.site\/bruegel\/nos-actions\/","title":{"rendered":"Nos actions"},"content":{"rendered":"\n[et_pb_section fb_built=\u00a0\u00bb1&Prime; admin_label=\u00a0\u00bbsection\u00a0\u00bb _builder_version=\u00a0\u00bb4.16&Prime; global_colors_info=\u00a0\u00bb{}\u00a0\u00bb][et_pb_row admin_label=\u00a0\u00bbrow\u00a0\u00bb _builder_version=\u00a0\u00bb4.16&Prime; background_size=\u00a0\u00bbinitial\u00a0\u00bb background_position=\u00a0\u00bbtop_left\u00a0\u00bb background_repeat=\u00a0\u00bbrepeat\u00a0\u00bb global_colors_info=\u00a0\u00bb{}\u00a0\u00bb][et_pb_column type=\u00a0\u00bb4_4&Prime; _builder_version=\u00a0\u00bb4.16&Prime; custom_padding=\u00a0\u00bb|||\u00a0\u00bb global_colors_info=\u00a0\u00bb{}\u00a0\u00bb custom_padding__hover=\u00a0\u00bb|||\u00a0\u00bb][et_pb_text admin_label=\u00a0\u00bbText\u00a0\u00bb _builder_version=\u00a0\u00bb4.16&Prime; background_size=\u00a0\u00bbinitial\u00a0\u00bb background_position=\u00a0\u00bbtop_left\u00a0\u00bb background_repeat=\u00a0\u00bbrepeat\u00a0\u00bb custom_padding=\u00a0\u00bb|||10px||\u00a0\u00bb global_colors_info=\u00a0\u00bb{}\u00a0\u00bb]<p><!-- divi:heading --><\/p>\n<h2>Fondement et moteur de notre club depuis plus de 40 ans.<\/h2>\n<p><!-- \/divi:heading --><\/p>\n<p><!-- divi:paragraph --><\/p>\n<p>Outre la recherche et le d\u00e9veloppement de relations humaines nobles et \u00e9lev\u00e9es, comme le respect et l\u2019amiti\u00e9, notre objectif premier est de venir en aide et soutenir les moins nantis et les plus d\u00e9favoris\u00e9s d\u2019entre nous, et en priorit\u00e9 les enfants. Nos actions sociales se d\u00e9clinent essentiellement en trois axes.<\/p>\n<p><!-- \/divi:paragraph --><\/p>\n<p><!-- divi:heading --><\/p>\n<h2>International<\/h2>\n<p><!-- \/divi:heading --><\/p>\n<p><!-- divi:paragraph --><\/p>\n<p>Fid\u00e8le \u00e0 l\u2019esprit universel du KIWANIS et en collaboration avec <a href=\"http:\/\/www.unicef.be\/fr\/sauvez-un-bebe-par-jour\/\">l\u2019UNICEF<\/a>, notre club participe financi\u00e8rement \u00e0 l\u2019action <a href=\"http:\/\/www.kiwanis.be\/fr\/stop-tetanos\">ELIMINATE<\/a>. Gr\u00e2ce \u00e0 ce projet, la famille Kiwanis va changer le monde en collectant les 110 millions de dollars US n\u00e9cessaires pour sauver et prot\u00e9ger des millions de femmes et leurs futurs b\u00e9b\u00e9s contre le t\u00e9tanos maternel et n\u00e9onatal.<br \/>Notre club finance aussi int\u00e9gralement depuis plusieurs ann\u00e9es la scolarit\u00e9 de 4 enfants dans le cadre du projet <a href=\"http:\/\/www.kiwanis.be\/fr\/kinshasa-school\">KIWANIS SCHOOL KINSHASA<\/a>, en collaboration avec \u00ab <a href=\"https:\/\/www.sos-villages-enfants.be\/projet\/accueillir-les-enfants-et-les-familles-d%C3%A9plac%C3%A9es-en-syrie\">SOS VILLAGES D\u2019ENFANTS<\/a> \u00bb.<br \/>Plus r\u00e9cemment, avec ce m\u00eame partenaire, notre club participe au financement de <a href=\"http:\/\/www.kiwanis.be\/fr\/happy-child-1508347657\">HAPPY CHILD<\/a>, le nouveau projet de la F\u00e9d\u00e9ration Europ\u00e9enne du Kiwanis International, initi\u00e9 par notre District Belgium-Luxembourg. Il permet de venir en aide aux enfants, sur place, dans leur r\u00e9gion en guerre en Syrie, en leur apportant protection, \u00e9ducation et int\u00e9gration.<\/p>\n<p><!-- \/divi:paragraph --><\/p>\n<p><!-- divi:heading --><\/p>\n<h2>National<\/h2>\n<p><!-- \/divi:heading --><\/p>\n<p><!-- divi:paragraph --><\/p>\n<p>Chaque ann\u00e9e, notre club participe activement et financi\u00e8rement \u00e0 l\u2019organisation des <a href=\"http:\/\/www.special-olympics.be\/\">SPECIAL OLYMPICS BELGIUM.<\/a> Depuis ses d\u00e9buts en Belgique en 1979, S.O.B. a pu compter sur le soutien et l\u2019aide des Kiwaniens, tant par la participation de b\u00e9n\u00e9voles que par une aide financi\u00e8re et l\u2019apport de sponsoring.<\/p>\n<p><!-- \/divi:paragraph --><\/p>\n<p><!-- divi:paragraph --><\/p>\n<p>D\u00e8s sa premi\u00e8re \u00e9dition en juin 2016, le <a href=\"http:\/\/www.kiwanis.be\/fr\/kiwanis-kids-day\">KIWANIS KIDS DAY<\/a> fut un r\u00e9el succ\u00e8s, puisque plus de 1400 enfants se sont vu offrir une journ\u00e9e \u00e0 Pairy Daiza par pr\u00e8s de 50 clubs Kiwanis du pays, dont le n\u00f4tre. C\u2019est donc tout naturellement que nous en avons fait une action sociale r\u00e9currente et que, pour 2018, notre club finance la participation de pas moins de 39 enfants d\u00e9favoris\u00e9s et leurs accompagnants \u00e0 cette journ\u00e9e magique !<\/p>\n<p><!-- \/divi:paragraph --><\/p>\n<p><!-- divi:heading --><\/p>\n<h2>Local<\/h2>\n<p><!-- \/divi:heading --><\/p>\n<p><!-- divi:paragraph --><\/p>\n<p>L\u2019investissement le plus important de nos membres se situe sans conteste et principalement au niveau des n\u00e9cessiteux plus proches de nous :<\/p>\n<p><!-- \/divi:paragraph --><\/p>\n<p><!-- divi:list --><\/p>\n<ul>\n<li><a href=\"http:\/\/www.kiwanis.be\/fr\/la-poupee-kiwanis\">POUPEES KIWANIS<\/a> : financement et mise \u00e0 disposition de 320 \u00ab poup\u00e9es Kiwanis \u00bb \u00e0 l\u2019h\u00f4pital des enfants de l\u2019UZ Brussel \u00e0 Jette, et 500 autres vont encore \u00eatre livr\u00e9es.<\/li>\n<li><a href=\"http:\/\/www.noel-kiwanis-kerstmis.be\/\">KIWANIS NO\u00cbL DANS LA CITE<\/a> : r\u00e9colte et fourniture d\u2019innombrables jouets et vivres non p\u00e9rissables \u00e0 plus de 20 associations s\u2019occupant des familles d\u00e9favoris\u00e9es de notre R\u00e9gion.<\/li>\n<li><a href=\"ecole-les-acacias\/\">SAINT-NICOLAS DES ACCACIAS<\/a> : financement des cadeaux que le Grand Saint apporte personnellement chaque ann\u00e9e aux 140 enfants de l\u2019\u00e9cole d\u2019enseignement sp\u00e9cialis\u00e9 \u00ab Les Acacias \u00bb \u00e0 Anderlecht<\/li>\n<li>\u00a0<a href=\"a-p-e-a-d\">A.P.E.A.D.<\/a> : financement int\u00e9gral des 5000 exemplaires de la nouvelle brochure d\u2019information de cette association situ\u00e9e \u00e0 Anderlecht qui s\u2019est donn\u00e9 pour but d\u2019aider et soutenir les parents et r\u00e9\u00e9ducateurs d\u2019enfants atteint d\u2019aphasie et de dysphasie, mais aussi sensibiliser les mondes m\u00e9dical, social et politique.<\/li>\n<li><a href=\"reci\">R\u00e9CI<\/a> : <strong>R\u00e9<\/strong>seau de <strong>C<\/strong>oordination et d\u2019<strong>I<\/strong>ntervention pour l\u2019int\u00e9gration d&rsquo;enfants pr\u00e9sentant un handicap moteur. Aide au transport aux activit\u00e9s, financement d&rsquo;activit\u00e9s, financement de formations, &#8230;<\/li>\n<li><a href=\"https:\/\/capbrabantiacaw.be\/fr\/le-service-social-de-cureghem\/\">SERVICE SOCIAL DE CUREGHEM<\/a> : financement et mise \u00e0 disposition de quatre PC\u2019s et un imprimante \u00e0 usage des plus d\u00e9munis de leur quartier. Ce beau projet leur donne acc\u00e8s \u00e0 \u00ab Internet \u00bb\u00a0 et leur permet dor\u00e9navant d\u2019effectuer diverses d\u00e9marches, contacts, recherches d\u2019emploi \u00ab en ligne \u00bb et donc, plus globalement, de r\u00e9duire \u00e0 leur niveau la \u00ab fracture num\u00e9rique \u00bb. En 2016, ce sont quatre chaise de bureau ergonomiques qui ont \u00e9t\u00e9 fournies \u00e0 leurs assistantes sociales afin d\u2019am\u00e9liorer leur bien-\u00eatre et aussi respecter la l\u00e9gislation du travail\u2026 Sans oublier, nos interventions annuelles pour la St-Nicolas et le voyage \u00e0 la mer de leurs enfants.<\/li>\n<li><a href=\"http:\/\/www.ecolejdv.be\/autonomes\/\">ECOLE JOIE DE VIVRE \u00ab\u00a0LES AUTONOMES\u00a0\u00bb<\/a> : un nouveau projet de soutien de cette tr\u00e8s dynamique \u00e9quipe dont le projet p\u00e9dagogique est ax\u00e9 sur le d\u00e9veloppement des comp\u00e9tences permettant l\u2019int\u00e9gration sociale de jeunes filles de 12 \u00e0 21 ans ayant un handicap mental mod\u00e9r\u00e9 \u00e0 s\u00e9v\u00e8re (type 2).<\/li>\n<li><a href=\"http:\/\/www.levenslustvzw.be\/\">LEVENSLUST vzw<\/a> : Soutien financier et mat\u00e9riel \u00e0 cette \u00e9cole d\u2019\u00e9ducation sp\u00e9cialis\u00e9e \u00e0 Lennik.<\/li>\n<li><a href=\"http:\/\/www.vebes.be\/\">VEBES vzw<\/a> : Don de soi plut\u00f4t que don de sous, cette action consiste \u00e0 convoyer plusieurs dizaines de personnes malvoyantes lors de leur journ\u00e9e festive annuelle, de leur domicile au Saviocentrum de Dilbeek et retour.<\/li>\n<\/ul>\n<p><!-- \/divi:list --><\/p>[\/et_pb_text][\/et_pb_column][\/et_pb_row][\/et_pb_section]\n","protected":false},"excerpt":{"rendered":"<p>Fondement et moteur de notre club depuis plus de 40 ans. Outre la recherche et le d\u00e9veloppement de relations humaines nobles et \u00e9lev\u00e9es, comme le respect et l\u2019amiti\u00e9, notre objectif [&hellip;]<\/p>\n","protected":false},"author":2,"featured_media":0,"parent":0,"menu_order":5,"comment_status":"closed","ping_status":"closed","template":"","meta":{"_et_pb_use_builder":"on","_et_pb_old_content":"<!-- wp:heading -->\n<h2>Fondement et moteur de notre club depuis plus de 40 ans.<\/h2>\n<!-- \/wp:heading -->\n\n<!-- wp:paragraph -->\n<p>Outre la recherche et le d\u00e9veloppement de relations humaines nobles et \u00e9lev\u00e9es, comme le respect et l\u2019amiti\u00e9, notre objectif premier est de venir en aide et soutenir les moins nantis et les plus d\u00e9favoris\u00e9s d\u2019entre nous, et en priorit\u00e9 les enfants. Nos actions sociales se d\u00e9clinent essentiellement en trois axes.<\/p>\n<!-- \/wp:paragraph -->\n\n<!-- wp:heading -->\n<h2>International<\/h2>\n<!-- \/wp:heading -->\n\n<!-- wp:paragraph -->\n<p>Fid\u00e8le \u00e0 l\u2019esprit universel du KIWANIS et en collaboration avec <a href=\"http:\/\/www.unicef.be\/fr\/sauvez-un-bebe-par-jour\/\">l\u2019UNICEF<\/a>, notre club participe financi\u00e8rement \u00e0 l\u2019action <a href=\"http:\/\/www.kiwanis.be\/fr\/stop-tetanos\">ELIMINATE<\/a>. Gr\u00e2ce \u00e0 ce projet, la famille Kiwanis va changer le monde en collectant les 110 millions de dollars US n\u00e9cessaires pour sauver et prot\u00e9ger des millions de femmes et leurs futurs b\u00e9b\u00e9s contre le t\u00e9tanos maternel et n\u00e9onatal.<br>Notre club finance aussi int\u00e9gralement depuis plusieurs ann\u00e9es la scolarit\u00e9 de 4 enfants dans le cadre du projet <a href=\"http:\/\/www.kiwanis.be\/fr\/kinshasa-school\">KIWANIS SCHOOL KINSHASA<\/a>, en collaboration avec \u00ab <a href=\"https:\/\/www.sos-villages-enfants.be\/projet\/accueillir-les-enfants-et-les-familles-d%C3%A9plac%C3%A9es-en-syrie\">SOS VILLAGES D\u2019ENFANTS<\/a> \u00bb.<br>Plus r\u00e9cemment, avec ce m\u00eame partenaire, notre club participe au financement de <a href=\"http:\/\/www.kiwanis.be\/fr\/happy-child-1508347657\">HAPPY CHILD<\/a>, le nouveau projet de la F\u00e9d\u00e9ration Europ\u00e9enne du Kiwanis International, initi\u00e9 par notre District Belgium-Luxembourg. Il permet de venir en aide aux enfants, sur place, dans leur r\u00e9gion en guerre en Syrie, en leur apportant protection, \u00e9ducation et int\u00e9gration.<\/p>\n<!-- \/wp:paragraph -->\n\n<!-- wp:heading -->\n<h2>National<\/h2>\n<!-- \/wp:heading -->\n\n<!-- wp:paragraph -->\n<p>Chaque ann\u00e9e, notre club participe activement et financi\u00e8rement \u00e0 l\u2019organisation des <a href=\"http:\/\/www.special-olympics.be\/\">SPECIAL OLYMPICS BELGIUM.<\/a> Depuis ses d\u00e9buts en Belgique en 1979, S.O.B. a pu compter sur le soutien et l\u2019aide des Kiwaniens, tant par la participation de b\u00e9n\u00e9voles que par une aide financi\u00e8re et l\u2019apport de sponsoring.<\/p>\n<!-- \/wp:paragraph -->\n\n<!-- wp:paragraph -->\n<p>D\u00e8s sa premi\u00e8re \u00e9dition en juin 2016, le <a href=\"http:\/\/www.kiwanis.be\/fr\/kiwanis-kids-day\">KIWANIS KIDS DAY<\/a> fut un r\u00e9el succ\u00e8s, puisque plus de 1400 enfants se sont vu offrir une journ\u00e9e \u00e0 Pairy Daiza par pr\u00e8s de 50 clubs Kiwanis du pays, dont le n\u00f4tre. C\u2019est donc tout naturellement que nous en avons fait une action sociale r\u00e9currente et que, pour 2018, notre club finance la participation de pas moins de 39 enfants d\u00e9favoris\u00e9s et leurs accompagnants \u00e0 cette journ\u00e9e magique !<\/p>\n<!-- \/wp:paragraph -->\n\n<!-- wp:heading -->\n<h2>Local<\/h2>\n<!-- \/wp:heading -->\n\n<!-- wp:paragraph -->\n<p>L\u2019investissement le plus important de nos membres se situe sans conteste et principalement au niveau des n\u00e9cessiteux plus proches de nous :<\/p>\n<!-- \/wp:paragraph -->\n\n<!-- wp:list -->\n<ul><li><a href=\"http:\/\/www.kiwanis.be\/fr\/la-poupee-kiwanis\">POUPEES KIWANIS<\/a> : financement et mise \u00e0 disposition de 320 \u00ab poup\u00e9es Kiwanis \u00bb \u00e0 l\u2019h\u00f4pital des enfants de l\u2019UZ Brussel \u00e0 Jette, et 500 autres vont encore \u00eatre livr\u00e9es.<\/li><li><a href=\"http:\/\/www.noel-kiwanis-kerstmis.be\/\">KIWANIS NO\u00cbL DANS LA CITE<\/a> : r\u00e9colte et fourniture d\u2019innombrables jouets et vivres non p\u00e9rissables \u00e0 plus de 20 associations s\u2019occupant des familles d\u00e9favoris\u00e9es de notre R\u00e9gion.<\/li><li><a href=\"http:\/\/www.kiwanis.be\/bruegel\/ecole-les-acacias\">SAINT-NICOLAS DES ACCACIAS<\/a> : financement des cadeaux que le Grand Saint apporte personnellement chaque ann\u00e9e aux 140 enfants de l\u2019\u00e9cole d\u2019enseignement sp\u00e9cialis\u00e9 \u00ab Les Acacias \u00bb \u00e0 Anderlecht<\/li><li>PETITS D\u00c9JEUNERS KIWANIS : participation au financement et \u00e0 la distribution de 820 collations (lait, c\u00e9r\u00e9ales et compotes) par semaine aux enfants de 3 \u00e9coles de notre R\u00e9gion.<\/li><li>&nbsp;<a href=\"http:\/\/www.kiwanis.be\/bruegel\/apead\">A.P.E.A.D.<\/a> : financement int\u00e9gral des 5000 exemplaires de la nouvelle brochure d\u2019information de cette association situ\u00e9e \u00e0 Anderlecht qui s\u2019est donn\u00e9 pour but d\u2019aider et soutenir les parents et r\u00e9\u00e9ducateurs d\u2019enfants atteint d\u2019aphasie et de dysphasie, mais aussi sensibiliser les mondes m\u00e9dical, social et politique.<\/li><li><a href=\"http:\/\/www.kiwanis.be\/bruegel\/reci\">R\u00e9CI<\/a> : <strong>R\u00e9<\/strong>seau de <strong>C<\/strong>oordination et d\u2019<strong>I<\/strong>ntervention pour l\u2019int\u00e9gration d'enfants pr\u00e9sentant un handicap moteur. Aide au transport aux activit\u00e9s, financement d'activit\u00e9s, financement de formations, ...<\/li><li><a href=\"https:\/\/capbrabantiacaw.be\/fr\/le-service-social-de-cureghem\/\">SERVICE SOCIAL DE CUREGHEM<\/a> : financement et mise \u00e0 disposition de quatre PC\u2019s et un imprimante \u00e0 usage des plus d\u00e9munis de leur quartier. Ce beau projet leur donne acc\u00e8s \u00e0 \u00ab Internet \u00bb&nbsp; et leur permet dor\u00e9navant d\u2019effectuer diverses d\u00e9marches, contacts, recherches d\u2019emploi \u00ab en ligne \u00bb et donc, plus globalement, de r\u00e9duire \u00e0 leur niveau la \u00ab fracture num\u00e9rique \u00bb. En 2016, ce sont quatre chaise de bureau ergonomiques qui ont \u00e9t\u00e9 fournies \u00e0 leurs assistantes sociales afin d\u2019am\u00e9liorer leur bien-\u00eatre et aussi respecter la l\u00e9gislation du travail\u2026 Sans oublier, nos interventions annuelles pour la St-Nicolas et le voyage \u00e0 la mer de leurs enfants.<\/li><li><a href=\"http:\/\/www.ecolejdv.be\/autonomes\/\">ECOLE JOIE DE VIVRE \"LES AUTONOMES\"<\/a> : un nouveau projet de soutien de cette tr\u00e8s dynamique \u00e9quipe dont le projet p\u00e9dagogique est ax\u00e9 sur le d\u00e9veloppement des comp\u00e9tences permettant l\u2019int\u00e9gration sociale de jeunes filles de 12 \u00e0 21 ans ayant un handicap mental mod\u00e9r\u00e9 \u00e0 s\u00e9v\u00e8re (type 2).<\/li><li><a href=\"http:\/\/www.levenslustvzw.be\/\">LEVENSLUST vzw<\/a> : Soutien financier et mat\u00e9riel \u00e0 cette \u00e9cole d\u2019\u00e9ducation sp\u00e9cialis\u00e9e \u00e0 Lennik.<\/li><li><a href=\"http:\/\/www.vebes.be\/\">VEBES vzw<\/a> : Don de soi plut\u00f4t que don de sous, cette action consiste \u00e0 convoyer plusieurs dizaines de personnes malvoyantes lors de leur journ\u00e9e festive annuelle, de leur domicile au Saviocentrum de Dilbeek et retour.<\/li><\/ul>\n<!-- \/wp:list -->","_et_gb_content_width":""},"yoast_head":"<!-- This site is optimized with the Yoast SEO plugin v19.8 - https:\/\/yoast.com\/wordpress\/plugins\/seo\/ -->\n<title>Nos actions - Kiwanis Dilbeek Bruegel<\/title>\n<meta name=\"robots\" content=\"noindex, follow, max-snippet:-1, max-image-preview:large, max-video-preview:-1\" \/>\n<meta property=\"og:locale\" content=\"fr_FR\" \/>\n<meta property=\"og:type\" content=\"article\" \/>\n<meta property=\"og:title\" content=\"Nos actions - Kiwanis Dilbeek Bruegel\" \/>\n<meta property=\"og:description\" content=\"Fondement et moteur de notre club depuis plus de 40 ans. Outre la recherche et le d\u00e9veloppement de relations humaines nobles et \u00e9lev\u00e9es, comme le respect et l\u2019amiti\u00e9, notre objectif [&hellip;]\" \/>\n<meta property=\"og:url\" content=\"https:\/\/webkrea.kiwanisbelux.site\/bruegel\/nos-actions\/\" \/>\n<meta property=\"og:site_name\" content=\"Kiwanis Dilbeek Bruegel\" \/>\n<meta property=\"article:modified_time\" content=\"2022-08-21T09:08:55+00:00\" \/>\n<meta name=\"twitter:card\" content=\"summary_large_image\" \/>\n<meta name=\"twitter:label1\" content=\"Dur\u00e9e de lecture estim\u00e9e\" \/>\n\t<meta name=\"twitter:data1\" content=\"4 minutes\" \/>\n<script type=\"application\/ld+json\" class=\"yoast-schema-graph\">{\"@context\":\"https:\/\/schema.org\",\"@graph\":[{\"@type\":\"WebPage\",\"@id\":\"https:\/\/webkrea.kiwanisbelux.site\/bruegel\/nos-actions\/\",\"url\":\"https:\/\/webkrea.kiwanisbelux.site\/bruegel\/nos-actions\/\",\"name\":\"Nos actions - Kiwanis Dilbeek Bruegel\",\"isPartOf\":{\"@id\":\"https:\/\/webkrea.kiwanisbelux.site\/bruegel\/#website\"},\"datePublished\":\"2022-07-28T12:10:51+00:00\",\"dateModified\":\"2022-08-21T09:08:55+00:00\",\"breadcrumb\":{\"@id\":\"https:\/\/webkrea.kiwanisbelux.site\/bruegel\/nos-actions\/#breadcrumb\"},\"inLanguage\":\"fr-FR\",\"potentialAction\":[{\"@type\":\"ReadAction\",\"target\":[\"https:\/\/webkrea.kiwanisbelux.site\/bruegel\/nos-actions\/\"]}]},{\"@type\":\"BreadcrumbList\",\"@id\":\"https:\/\/webkrea.kiwanisbelux.site\/bruegel\/nos-actions\/#breadcrumb\",\"itemListElement\":[{\"@type\":\"ListItem\",\"position\":1,\"name\":\"Home\",\"item\":\"https:\/\/webkrea.kiwanisbelux.site\/bruegel\/\"},{\"@type\":\"ListItem\",\"position\":2,\"name\":\"Nos actions\"}]},{\"@type\":\"WebSite\",\"@id\":\"https:\/\/webkrea.kiwanisbelux.site\/bruegel\/#website\",\"url\":\"https:\/\/webkrea.kiwanisbelux.site\/bruegel\/\",\"name\":\"Kiwanis Dilbeek Bruegel\",\"description\":\"\",\"publisher\":{\"@id\":\"https:\/\/webkrea.kiwanisbelux.site\/bruegel\/#organization\"},\"potentialAction\":[{\"@type\":\"SearchAction\",\"target\":{\"@type\":\"EntryPoint\",\"urlTemplate\":\"https:\/\/webkrea.kiwanisbelux.site\/bruegel\/?s={search_term_string}\"},\"query-input\":\"required name=search_term_string\"}],\"inLanguage\":\"fr-FR\"},{\"@type\":\"Organization\",\"@id\":\"https:\/\/webkrea.kiwanisbelux.site\/bruegel\/#organization\",\"name\":\"Kiwanis\",\"url\":\"https:\/\/webkrea.kiwanisbelux.site\/bruegel\/\",\"sameAs\":[],\"logo\":{\"@type\":\"ImageObject\",\"inLanguage\":\"fr-FR\",\"@id\":\"https:\/\/webkrea.kiwanisbelux.site\/bruegel\/#\/schema\/logo\/image\/\",\"url\":\"https:\/\/webkrea.kiwanisbelux.site\/bruegel\/wp-content\/uploads\/sites\/22\/2021\/04\/kiwanis-logo@2x.png\",\"contentUrl\":\"https:\/\/webkrea.kiwanisbelux.site\/bruegel\/wp-content\/uploads\/sites\/22\/2021\/04\/kiwanis-logo@2x.png\",\"width\":555,\"height\":100,\"caption\":\"Kiwanis\"},\"image\":{\"@id\":\"https:\/\/webkrea.kiwanisbelux.site\/bruegel\/#\/schema\/logo\/image\/\"}}]}<\/script>\n<!-- \/ Yoast SEO plugin. -->","yoast_head_json":{"title":"Nos actions - Kiwanis Dilbeek Bruegel","robots":{"index":"noindex","follow":"follow","max-snippet":"max-snippet:-1","max-image-preview":"max-image-preview:large","max-video-preview":"max-video-preview:-1"},"og_locale":"fr_FR","og_type":"article","og_title":"Nos actions - Kiwanis Dilbeek Bruegel","og_description":"Fondement et moteur de notre club depuis plus de 40 ans. Outre la recherche et le d\u00e9veloppement de relations humaines nobles et \u00e9lev\u00e9es, comme le respect et l\u2019amiti\u00e9, notre objectif [&hellip;]","og_url":"https:\/\/webkrea.kiwanisbelux.site\/bruegel\/nos-actions\/","og_site_name":"Kiwanis Dilbeek Bruegel","article_modified_time":"2022-08-21T09:08:55+00:00","twitter_card":"summary_large_image","twitter_misc":{"Dur\u00e9e de lecture estim\u00e9e":"4 minutes"},"schema":{"@context":"https:\/\/schema.org","@graph":[{"@type":"WebPage","@id":"https:\/\/webkrea.kiwanisbelux.site\/bruegel\/nos-actions\/","url":"https:\/\/webkrea.kiwanisbelux.site\/bruegel\/nos-actions\/","name":"Nos actions - Kiwanis Dilbeek Bruegel","isPartOf":{"@id":"https:\/\/webkrea.kiwanisbelux.site\/bruegel\/#website"},"datePublished":"2022-07-28T12:10:51+00:00","dateModified":"2022-08-21T09:08:55+00:00","breadcrumb":{"@id":"https:\/\/webkrea.kiwanisbelux.site\/bruegel\/nos-actions\/#breadcrumb"},"inLanguage":"fr-FR","potentialAction":[{"@type":"ReadAction","target":["https:\/\/webkrea.kiwanisbelux.site\/bruegel\/nos-actions\/"]}]},{"@type":"BreadcrumbList","@id":"https:\/\/webkrea.kiwanisbelux.site\/bruegel\/nos-actions\/#breadcrumb","itemListElement":[{"@type":"ListItem","position":1,"name":"Home","item":"https:\/\/webkrea.kiwanisbelux.site\/bruegel\/"},{"@type":"ListItem","position":2,"name":"Nos actions"}]},{"@type":"WebSite","@id":"https:\/\/webkrea.kiwanisbelux.site\/bruegel\/#website","url":"https:\/\/webkrea.kiwanisbelux.site\/bruegel\/","name":"Kiwanis Dilbeek Bruegel","description":"","publisher":{"@id":"https:\/\/webkrea.kiwanisbelux.site\/bruegel\/#organization"},"potentialAction":[{"@type":"SearchAction","target":{"@type":"EntryPoint","urlTemplate":"https:\/\/webkrea.kiwanisbelux.site\/bruegel\/?s={search_term_string}"},"query-input":"required name=search_term_string"}],"inLanguage":"fr-FR"},{"@type":"Organization","@id":"https:\/\/webkrea.kiwanisbelux.site\/bruegel\/#organization","name":"Kiwanis","url":"https:\/\/webkrea.kiwanisbelux.site\/bruegel\/","sameAs":[],"logo":{"@type":"ImageObject","inLanguage":"fr-FR","@id":"https:\/\/webkrea.kiwanisbelux.site\/bruegel\/#\/schema\/logo\/image\/","url":"https:\/\/webkrea.kiwanisbelux.site\/bruegel\/wp-content\/uploads\/sites\/22\/2021\/04\/kiwanis-logo@2x.png","contentUrl":"https:\/\/webkrea.kiwanisbelux.site\/bruegel\/wp-content\/uploads\/sites\/22\/2021\/04\/kiwanis-logo@2x.png","width":555,"height":100,"caption":"Kiwanis"},"image":{"@id":"https:\/\/webkrea.kiwanisbelux.site\/bruegel\/#\/schema\/logo\/image\/"}}]}},"_links":{"self":[{"href":"https:\/\/webkrea.kiwanisbelux.site\/bruegel\/wp-json\/wp\/v2\/pages\/1923"}],"collection":[{"href":"https:\/\/webkrea.kiwanisbelux.site\/bruegel\/wp-json\/wp\/v2\/pages"}],"about":[{"href":"https:\/\/webkrea.kiwanisbelux.site\/bruegel\/wp-json\/wp\/v2\/types\/page"}],"author":[{"embeddable":true,"href":"https:\/\/webkrea.kiwanisbelux.site\/bruegel\/wp-json\/wp\/v2\/users\/2"}],"replies":[{"embeddable":true,"href":"https:\/\/webkrea.kiwanisbelux.site\/bruegel\/wp-json\/wp\/v2\/comments?post=1923"}],"version-history":[{"count":9,"href":"https:\/\/webkrea.kiwanisbelux.site\/bruegel\/wp-json\/wp\/v2\/pages\/1923\/revisions"}],"predecessor-version":[{"id":2288,"href":"https:\/\/webkrea.kiwanisbelux.site\/bruegel\/wp-json\/wp\/v2\/pages\/1923\/revisions\/2288"}],"wp:attachment":[{"href":"https:\/\/webkrea.kiwanisbelux.site\/bruegel\/wp-json\/wp\/v2\/media?parent=1923"}],"curies":[{"name":"wp","href":"https:\/\/api.w.org\/{rel}","templated":true}]}}